ors of s(1)?
2, 149
Let p be 5*4/70 - (-36)/21. Suppose 3*r = -3*k + 6, r = -4*k + p*k - 1. Suppose -f + 5 = n, f - 30 + 1 = r*n. What are the prime factors of f?
3
Suppose 15 = y + 14. List the prime factors of 42/(-3)*(y - 1 - 8).
2, 7
Suppose 11 = -c - 5*n, -4*c + 2*n + 2*n = -28. Let i be 1/(-2)*c*3/(-2). Suppose -a = -3*j - i*a + 433, 5*j + 3*a = 720. List the prime factors of j.
3, 47
Suppose -31*l - 25788 = -110*l + 185300. List the prime factors of l.
2, 167
Let n(d) = -29*d - 53. Let a = -262 - -244. What are the prime factors of n(a)?
7, 67
Suppose -2*i + 6*i + 106 = 5*m, 0 = 4*m - 3*i - 85. Suppose -4*d + 4*j = -2*d + m, -5*d + 10 = 3*j. Let s(o) = 113*o**2 - 1. What are the prime factors of s(d)?
2, 7
Suppose -365*i = -368*i + 5*q + 17303, -q + 23040 = 4*i. What are the prime factors of i?
7, 823
Let h = 83229 - 35171. What are the prime factors of h?
2, 24029
Suppose 5*v + 691 = 5891. Suppose 0 = 4*h + 4*n - 3*n - 1356, -3*h + v = -5*n. List the prime factors of h.
2, 5, 17
Suppose 0*n + 5*z - 28 = 2*n, 68 = -3*n + z. Let i(s) = -s**3 - 7*s**2 + 80*s - 1. Let x be i(-13). Let k = n - x. What are the prime factors of k?
3
What are the prime factors of (1 + 1111/2)*(-12 + 5 + 27)?
2, 3, 5, 7, 53
Suppose -5*g + 20 = 0, -5*k + 32 + 20 = 3*g. Suppose 7*t + 186 = k*t. List the prime factors of t.
2, 3, 31
Let k(y) = -92*y**3 + 6*y**2 - 19*y + 67. List the prime factors of k(-5).
2, 2953
Let i be (-1024)/(-48) + (-2)/6. List the prime factors of (-7952)/i*1*12/(-8).
2, 71
Let g(l) = 6760*l**3 + 2*l**2 - 6*l + 4. What are the prime factors of g(1)?
2, 5, 13
List the prime factors of 12/(-2) + 9 - (-48 + -53994).
3, 5, 1201
Suppose d + 4*k + 9 = 0, -2*d - 2*d - 90 = -2*k. Let h be d - ((-9)/3 - -1). Let m = h - -52. List the prime factors of m.
3, 11
Let z(c) be the third derivative of 71*c**5/10 + c**4/8 - c**3/6 + 2*c**2 + 3*c. List the prime factors of z(1).
2, 107
Let g = -149 - -224. Let m = 60 - g. Let s = m - -148. List the prime factors of s.
7, 19
Let q be 24 - 4/(-6)*6. Let a be (9 - 2)*120/q. Let i = a + -17. List the prime factors of i.
13
Let b = -141 - -148. Suppose b*v - 435 = 8245. What are the prime factors of v?
2, 5, 31
Let b(x) = 1371*x**2 + 129*x - 572. What are the prime factors of b(5)?
2, 31, 277
Suppose -3*r - 11 + 134 = 0. Suppose 6*o - 32 = 4*o. Let u = o + r. What are the prime factors of u?
3, 19
Let i = -42 + 42. Suppose i = 29*m - 34*m + 260. What are the prime factors of (m - -3)*(-6)/(-10)?
3, 11
Let l = -131 + 230. Suppose 3*g + a - 194 = 0, -3*g + 7*g = -2*a + 256. Let c = l - g. List the prime factors of c.
3, 11
Suppose -4*a - 424274 = -9*x, -7*x - 47106 = -8*x - 4*a. List the prime factors of x.
2, 7, 13, 37
Suppose 5*r - 1 - 12 = h, 0 = 2*h + r - 7. Let c be (h/4)/(9/90). Suppose 2*j - 307 = -c*s + 3, -271 = -4*s + 3*j. What are the prime factors of s?
2
Suppose 4*l - 3*t = 2*t + 10, 5*l - 8 = 4*t. Suppose n - 7*k + 3*k - 315 = l, -4*k + 1260 = 4*n. List the prime factors of n.
3, 5, 7
Let o(t) = -30*t - 27. Let d be o(-2). List the prime factors of (-7184)/(-22) + (-18)/d.
2, 163
Let m be (152/(-10))/(-5 - (-162)/30). Suppose -c - 14 = 2*y + 3*c, 0 = -4*y - 2*c - 10. What are the prime factors of (m/(-2))/(y/(-4))?
2, 19
Let q(f) = f**3 - 12*f**2 + 3*f + 15. Suppose 4*n = -w + 46, -3*w - 3 - 3 = 0. Let d be q(n). Let i = -43 + d. What are the prime factors of i?
2
List the prime factors of (-8 + (-34408)/40)/((-26)/1170).
3, 1447
Suppose -35232 = -4*g + 360*q - 359*q, g - 8815 = 2*q. List the prime factors of g.
8807
Suppose 5*x - 21988 = f, 0 = 3*x + 4*f - 1415 - 11787. What are the prime factors of x?
2, 3, 733
Let i = -965 - -658. Let f = 592 + i. What are the prime factors of f?
3, 5, 19
Let j be 4*-1*(-294150)/296. Suppose 6*p = -1197 + j. What are the prime factors of p?
463
Let p(z) = z**2 + 6. Let a be p(0). Let i be ((27/a)/3)/(3/10). Suppose -i*v + 300 = 5*l, -2*v = 5*l - 96 - 213. What are the prime factors of l?
3, 7
Let v = -32 - -31. Let p(c) = 227*c**2 - 4*c - 1. Let l be p(v). Suppose h = 4*i - 234, -4*i + 2*h = -h - l. List the prime factors of i.
59
Let u(b) = 2*b**3 - 10*b**2 + 2*b + 10. Suppose 8 = z - 5*z. Let k be 5 - (z + 5) - 6/(-2). What are the prime factors of u(k)?
2, 5
Suppose q + 32*v = 29*v + 10172, 45*q - 458657 = -4*v. List the prime factors of q.
10193
Let j be 19*11 + 8/(-4) + 1. Suppose -3*c + 4*c = -k + j, -2*k = c - 212. Let v = c - 126. What are the prime factors of v?
2, 3, 13
Let t(s) be the second derivative of -s**5/20 - s**4/3 + s**3/6 + 243*s**2/2 + 57*s. List the prime factors of t(0).
3
Let a(t) = -4 - 13*t - 22*t - t**3 - 13*t**2 - 16*t + 35*t. What are the prime factors of a(-12)?
2, 11
Suppose -11*g - 1 = -10*g. Let x(r) be the first derivative of -103*r**4/4 + r**3/3 + r**2/2 - 43. What are the prime factors of x(g)?
103
List the prime factors of (-40)/(-32) + (-3)/(-24)*92670.
5, 7, 331
Let d = -80 - -68. Let a be (4/(d/27))/((-1)/18). Suppose 0 = 21*w - 24*w + a. What are the prime factors of w?
2, 3
Let w be 2/6 + (-174)/(-18). Let c(o) = 6 - w + 18*o + 9 + 4. What are the prime factors of c(6)?
3, 13
Let h(a) = -a**3 - 13*a**2 - 24*a + 5. Let k = 18 + -15. Suppose k*n + c = -12 - 20, 3*n + 35 = 2*c. List the prime factors of h(n).
3
List the prime factors of 108/(3408/424 + -8).
2, 3, 53
What are the prime factors of 2/(-7) + (-120)/(-322) + 13628216/1288?
3, 3527
Suppose 2 - 6 = -2*t. Suppose -4*v - 5*a + 1797 = 0, -t*v + 5*a + 418 = -v. What are the prime factors of v?
443
Suppose 12 + 48 = 12*s. Suppose 608 = 2*d - z - 4*z, 3*z + 1482 = s*d. List the prime factors of d.
2, 3, 7
Let u(n) = 201*n - 214. List the prime factors of u(9).
5, 11, 29
Let t(f) = 4*f**2 + 81*f + 1671. List the prime factors of t(-19).
2, 197
Let m(d) be the second derivative of -23*d**5/20 - 2*d**4/3 - 11*d**3/6 + 15*d**2/2 - 263*d. What are the prime factors of m(-3)?
3, 199
Suppose m - 236 = -9*s + 7*s, -4*m = 5*s - 590. Suppose 0 = 130*f - s*f - 15240. List the prime factors of f.
2, 5, 127
Let f(k) = -4*k**2 - 6*k - 7. Let t(m) = -5*m**2 - 3*m - 6. Let v(n) = 4*f(n) - 3*t(n). Let w be 6/3 - 0 - 14. What are the prime factors of v(w)?
2, 13
Let n = 886 - 424. Suppose r = 3*k - n, 3*k - 462 = 7*r - 3*r. List the prime factors of k.
2, 7, 11
Let i be (352/12)/(-2)*9. Suppose 20 = -15*y + 290. What are the prime factors of 1/((-1)/6)*i/y?
2, 11
Suppose 3*k - 3110 = 346. Suppose 5*b - k = 1183. What are the prime factors of b?
467
Let o(c) = 2*c**2 - 76*c - 1660. What are the prime factors of o(-61)?
2, 5209
Suppose p + 8*p - 358177 + 71491 = 0. What are the prime factors of p?
2, 3, 5309
Suppose -23041 + 45345 = 10*w - 33836. List the prime factors of w.
2, 7, 401
Let l = 261 - 255. Suppose 2337 = l*w - 861. List the prime factors of w.
13, 41
Suppose 11*p - 6*p - 5595 = 0. Suppose 2*q - 754 = -4*n, -5*q + 4*n = -p - 780. List the prime factors of q.
379
Suppose 3*g + 2*g - 606 = -m, 2*m = 4*g + 1212. Let a = m + -418. What are the prime factors of a?
2, 47
Let p = 11007 + -3602. What are the prime factors of p?
5, 1481
What are the prime factors of 13413 + ((-18)/12)/(3/(-4)) - 2?
3, 17, 263
Let a(d) = 3*d - 24. Let g be a(13). Suppose g*v - 5562 - 3723 = 0. List the prime factors of v.
619
Suppose 2*b + 146 = -5*j, -5*j + 77 - 221 = 3*b. Let x be (-156)/(-2) - (-3 + 3). Let m = j + x. What are the prime factors of m?
2, 3
Let x(n) = -5*n + 165. Let f(v) = -v**3 + 26*v**2 - 22*v - 53. Let c be f(25). What are the prime factors of x(c)?
5, 11
Let c = -551 - -570. Suppose 0 = 3*a + t - 408, -c*a + 4*t = -21*a + 272. List the prime factors of a.
2, 17
Suppose -2551617 = -275*u + 741247 + 1977236. What are the prime factors of u?
2, 3, 1597
Let u(m) = 3*m**2 - 4*m - 1. Let t be u(3). Suppose 470 = 3*b + 19*w - t*w, -4*w = 20. What are the prime factors of b?
3, 5, 11
Suppose -t = 2*t - 15, 4*t = -3*f + 41. What are the prime factors of ((-623)/f)/(1/(-4))?
2, 89
Let i(z) = 2947*z - 3823. List the prime factors of i(14).
5, 7487
Let u be 0 + (4 - -2) - 2. Let a be 0/((-2)/(-4)*u). Suppose -y + 15 = 2*b - 0*y, -5*y + 15 = a. What are the prime factors of b?
2, 3
Let g be 1435/175 - (4/(-5) + 1). Suppose g*m + 1970 = 6162. List the prime factors of m.
2, 131
Suppose 2*g 